{"id":25444,"date":"2019-10-08T12:08:08","date_gmt":"2019-10-08T12:08:08","guid":{"rendered":"https:\/\/minervo.digiamo.cz\/minervo\/?page_id=25444"},"modified":"2019-11-20T09:30:53","modified_gmt":"2019-11-20T09:30:53","slug":"galerie","status":"publish","type":"page","link":"https:\/\/minervo.digiamo.cz\/minervo\/galerie\/","title":{"rendered":"Galerie"},"content":{"rendered":"<p>[et_pb_section fb_built=&#8221;1&#8243; custom_padding_last_edited=&#8221;on|desktop&#8221; next_background_color=&#8221;#ffffff&#8221; _builder_version=&#8221;4.0.5&#8243; use_background_color_gradient=&#8221;on&#8221; background_color_gradient_start=&#8221;#f7ce3e&#8221; background_color_gradient_end=&#8221;rgba(247,206,62,0.8)&#8221; background_color_gradient_direction=&#8221;160deg&#8221; background_color_gradient_start_position=&#8221;20%&#8221; background_color_gradient_overlays_image=&#8221;on&#8221; background_image=&#8221;https:\/\/minervo.digiamo.cz\/minervo\/wp-content\/uploads\/2019\/09\/IMG_0561.jpg&#8221; custom_padding=&#8221;||6vw||false|false&#8221; custom_padding_tablet=&#8221;&#8221; custom_padding_phone=&#8221;||8vw||false|false&#8221; bottom_divider_style=&#8221;asymmetric3&#8243; locked=&#8221;off&#8221; background_repeat__hover=&#8221;no-repeat&#8221; background_repeat__hover_enabled=&#8221;no-repeat&#8221;][et_pb_row column_structure=&#8221;3_4,1_4&#8243; _builder_version=&#8221;4.0.5&#8243;][et_pb_column type=&#8221;3_4&#8243; _builder_version=&#8221;4.0.5&#8243;][et_pb_text _builder_version=&#8221;4.0.6&#8243; text_font=&#8221;|600|||||||&#8221; text_font_size=&#8221;22px&#8221; text_line_height=&#8221;1.8em&#8221; header_font=&#8221;Mukta|600|||||||&#8221; header_text_color=&#8221;#193676&#8243; header_font_size=&#8221;4vw&#8221; header_line_height=&#8221;1.1em&#8221; background_layout=&#8221;dark&#8221; max_width=&#8221;80%&#8221; max_width_tablet=&#8221;&#8221; max_width_phone=&#8221;&#8221; max_width_last_edited=&#8221;on|phone&#8221; custom_margin=&#8221;2vw||||false|false&#8221; custom_margin_tablet=&#8221;|||0px|false|false&#8221; custom_margin_phone=&#8221;&#8221; custom_margin_last_edited=&#8221;on|desktop&#8221; animation_style=&#8221;fade&#8221; text_font_size_tablet=&#8221;14px&#8221; text_font_size_phone=&#8221;&#8221; text_font_size_last_edited=&#8221;on|phone&#8221; header_font_size_tablet=&#8221;&#8221; header_font_size_phone=&#8221;42px&#8221; header_font_size_last_edited=&#8221;on|phone&#8221;]<\/p>\n<h1>Fotky z prob\u011bhl\u00fdch akc\u00ed<\/h1>\n<p>[\/et_pb_text][et_pb_text _builder_version=&#8221;4.0.6&#8243; header_2_line_height=&#8221;1.4em&#8221; animation_style=&#8221;fade&#8221;][\/et_pb_text][\/et_pb_column][et_pb_column type=&#8221;1_4&#8243; _builder_version=&#8221;4.0.5&#8243;][\/et_pb_column][\/et_pb_row][\/et_pb_section][et_pb_section fb_built=&#8221;1&#8243; _builder_version=&#8221;4.0.6&#8243; bottom_divider_style=&#8221;asymmetric3&#8243; bottom_divider_color=&#8221;#f7ce3e&#8221; bottom_divider_height=&#8221;56px&#8221;][et_pb_row column_structure=&#8221;1_4,1_4,1_4,1_4&#8243; _builder_version=&#8221;3.29.3&#8243;][et_pb_column type=&#8221;1_4&#8243; _builder_version=&#8221;3.29.3&#8243;][et_pb_blurb title=&#8221;Excel 20.9.2019&#8243; image=&#8221;https:\/\/minervo.digiamo.cz\/minervo\/wp-content\/uploads\/2019\/09\/Image-from-iOS-1-862&#215;1024.jpg&#8221; image_max_width=&#8221;250px&#8221; _builder_version=&#8221;3.29.3&#8243; header_font=&#8221;|700|||||||&#8221; header_text_align=&#8221;left&#8221; header_font_size=&#8221;20px&#8221; header_line_height=&#8221;1.7em&#8221; body_font=&#8221;||||||||&#8221; body_text_align=&#8221;left&#8221; body_font_size=&#8221;18px&#8221; body_line_height=&#8221;1.8em&#8221; animation=&#8221;right&#8221; locked=&#8221;off&#8221;]<\/p>\n<p>Sed ut perspiciatis unde omnis iste natus error sit voluptatem accusantium doloremque laudantium<\/p>\n<p>[\/et_pb_blurb][\/et_pb_column][et_pb_column type=&#8221;1_4&#8243; _builder_version=&#8221;3.29.3&#8243;][et_pb_blurb title=&#8221;Excel 20.9.2019&#8243; image=&#8221;https:\/\/minervo.digiamo.cz\/minervo\/wp-content\/uploads\/2019\/09\/Image-from-iOS-1-862&#215;1024.jpg&#8221; image_max_width=&#8221;250px&#8221; _builder_version=&#8221;3.29.3&#8243; header_font=&#8221;|700|||||||&#8221; header_text_align=&#8221;left&#8221; header_font_size=&#8221;20px&#8221; header_line_height=&#8221;1.7em&#8221; body_font=&#8221;||||||||&#8221; body_text_align=&#8221;left&#8221; body_font_size=&#8221;18px&#8221; body_line_height=&#8221;1.8em&#8221; animation=&#8221;right&#8221; locked=&#8221;off&#8221;]<\/p>\n<p>Sed ut perspiciatis unde omnis iste natus error sit voluptatem accusantium doloremque laudantium<\/p>\n<p>[\/et_pb_blurb][\/et_pb_column][et_pb_column type=&#8221;1_4&#8243; _builder_version=&#8221;3.29.3&#8243;][et_pb_blurb title=&#8221;Excel 20.9.2019&#8243; image=&#8221;https:\/\/minervo.digiamo.cz\/minervo\/wp-content\/uploads\/2019\/09\/Image-from-iOS-1-862&#215;1024.jpg&#8221; image_max_width=&#8221;250px&#8221; _builder_version=&#8221;3.29.3&#8243; header_font=&#8221;|700|||||||&#8221; header_text_align=&#8221;left&#8221; header_font_size=&#8221;20px&#8221; header_line_height=&#8221;1.7em&#8221; body_font=&#8221;||||||||&#8221; body_text_align=&#8221;left&#8221; body_font_size=&#8221;18px&#8221; body_line_height=&#8221;1.8em&#8221; animation=&#8221;right&#8221; locked=&#8221;off&#8221;]<\/p>\n<p>Sed ut perspiciatis unde omnis iste natus error sit voluptatem accusantium doloremque laudantium<\/p>\n<p>[\/et_pb_blurb][\/et_pb_column][et_pb_column type=&#8221;1_4&#8243; _builder_version=&#8221;3.29.3&#8243;][et_pb_blurb title=&#8221;Excel 20.9.2019&#8243; image=&#8221;https:\/\/minervo.digiamo.cz\/minervo\/wp-content\/uploads\/2019\/09\/Image-from-iOS-1-862&#215;1024.jpg&#8221; image_max_width=&#8221;250px&#8221; _builder_version=&#8221;3.29.3&#8243; header_font=&#8221;|700|||||||&#8221; header_text_align=&#8221;left&#8221; header_font_size=&#8221;20px&#8221; header_line_height=&#8221;1.7em&#8221; body_font=&#8221;||||||||&#8221; body_text_align=&#8221;left&#8221; body_font_size=&#8221;18px&#8221; body_line_height=&#8221;1.8em&#8221; animation=&#8221;right&#8221; locked=&#8221;off&#8221;]<\/p>\n<p>Sed ut perspiciatis unde omnis iste natus error sit voluptatem accusantium doloremque laudantium<\/p>\n<p>[\/et_pb_blurb][\/et_pb_column][\/et_pb_row][\/et_pb_section]<\/p>\n","protected":false},"excerpt":{"rendered":"<p>Fotky z prob\u011bhl\u00fdch akc\u00edSed ut perspiciatis unde omnis iste natus error sit voluptatem accusantium doloremque laudantiumSed ut perspiciatis unde omnis iste natus error sit voluptatem accusantium doloremque laudantiumSed ut perspiciatis unde omnis iste natus error sit voluptatem accusantium doloremque laudantiumSed ut perspiciatis unde omnis iste natus error sit voluptatem accusantium doloremque laudantium<\/p>\n","protected":false},"author":1,"featured_media":0,"parent":0,"menu_order":0,"comment_status":"closed","ping_status":"closed","template":"","meta":{"_et_pb_use_builder":"on","_et_pb_old_content":"","_et_gb_content_width":"","footnotes":""},"class_list":["post-25444","page","type-page","status-publish","hentry"],"_links":{"self":[{"href":"https:\/\/minervo.digiamo.cz\/minervo\/wp-json\/wp\/v2\/pages\/25444","targetHints":{"allow":["GET"]}}],"collection":[{"href":"https:\/\/minervo.digiamo.cz\/minervo\/wp-json\/wp\/v2\/pages"}],"about":[{"href":"https:\/\/minervo.digiamo.cz\/minervo\/wp-json\/wp\/v2\/types\/page"}],"author":[{"embeddable":true,"href":"https:\/\/minervo.digiamo.cz\/minervo\/wp-json\/wp\/v2\/users\/1"}],"replies":[{"embeddable":true,"href":"https:\/\/minervo.digiamo.cz\/minervo\/wp-json\/wp\/v2\/comments?post=25444"}],"version-history":[{"count":11,"href":"https:\/\/minervo.digiamo.cz\/minervo\/wp-json\/wp\/v2\/pages\/25444\/revisions"}],"predecessor-version":[{"id":25834,"href":"https:\/\/minervo.digiamo.cz\/minervo\/wp-json\/wp\/v2\/pages\/25444\/revisions\/25834"}],"wp:attachment":[{"href":"https:\/\/minervo.digiamo.cz\/minervo\/wp-json\/wp\/v2\/media?parent=25444"}],"curies":[{"name":"wp","href":"https:\/\/api.w.org\/{rel}","templated":true}]}}